at is -10 + 1d3?
1c3
In base 9, what is 5 + 1706?
1712
In base 12, what is 142 + -18?
126
In base 3, what is 10010 - 1?
10002
In base 14, what is 3 - -90c?
911
In base 12, what is 0 - -1b?
1b
In base 9, what is 0 + 4?
4
In base 9, what is -87 - 6?
-104
In base 16, what is 0 + 94?
94
In base 4, what is 11 - -101?
112
In base 12, what is -4 - -152?
14a
In base 16, what is 5 + -220?
-21b
In base 15, what is 45 + 12?
57
In base 3, what is 20 - 11?
2
In base 11, what is 615a - 5?
6155
In base 15, what is -4 + 554?
550
In base 6, what is 0 + -244?
-244
In base 6, what is 1035 - 34?
1001
In base 9, what is -10 + 62?
52
In base 6, what is 1 - 31353?
-31352
In base 11, what is -1 - -98?
97
In base 12, what is 164 - 0?
164
In base 12, what is -3 + -363?
-366
In base 15, what is 2 - -3d?
40
In base 14, what is 5 + -c?
-7
In base 4, what is 13120 - -11?
13131
In base 9, what is 24 + -808?
-774
In base 3, what is 12210 + -10?
12200
In base 8, what is -10 - -264?
254
In base 13, what is 0 + -11c1?
-11c1
In base 5, what is -2113 + 21?
-2042
In base 5, what is -103 - 22?
-130
In base 7, what is -543 + -116?
-662
In base 5, what is -140234 + 0?
-140234
In base 10, what is -20249 - 3?
-20252
In base 16, what is 2 + -2f?
-2d
In base 11, what is 0 - -1a2?
1a2
In base 6, what is 24250 + -10?
24240
In base 3, what is -10012 - -2?
-10010
In base 11, what is 1 + -28?
-27
In base 8, what is -340 + 1?
-337
In base 16, what is -4 + -19?
-1d
In base 16, what is 13b - -2?
13d
In base 8, what is -4266 - -2?
-4264
In base 2, what is 1 + -1000?
-111
In base 2, what is 11 + 1000011000?
1000011011
In base 8, what is -5 - 215?
-222
In base 15, what is -17 - 1b?
-33
In base 15, what is 5bc - 4?
5b8
In base 7, what is 5 - -5011?
5016
In base 12, what is 0 - 110?
-110
In base 12, what is 3 - 88?
-85
In base 13, what is 32 - -12?
44
In base 15, what is 0 - -273?
273
In base 13, what is 3 - -1c18?
1c1b
In base 6, what is 1243 + 25?
1312
In base 2, what is 10 - -10011000111?
10011001001
In base 13, what is -2c0 + 0?
-2c0
In base 3, what is 202200 - -22?
202222
In base 3, what is -220 + 10012?
2022
In base 8, what is 0 - 340?
-340
In base 9, what is 4 - -817?
822
In base 10, what is -5 - -1908?
1903
In base 11, what is 0 + 39?
39
In base 9, what is 3 + -16?
-13
In base 10, what is 211 + -6?
205
In base 13, what is 2 + 1a2?
1a4
In base 8, what is 60361 - -3?
60364
In base 10, what is 8 - 51?
-43
In base 8, what is 52 - 7?
43
In base 14, what is 17 - 0?
17
In base 4, what is -302 - 32?
-1000
In base 6, what is 1314 - 103?
1211
In base 15, what is -236 + -2?
-238
In base 15, what is -3 - -3d?
3a
In base 4, what is 1203 - -11?
1220
In base 10, what is 11 - -12?
23
In base 12, what is 513 + -5?
50a
In base 10, what is -14 + 58?
44
In base 10, what is 5 - -120?
125
In base 12, what is 12 + 16?
28
In base 2, what is -101000 - 1010111011?
-1011100011
In base 7, what is 16 - 14?
2
In base 12, what is 2 + 38?
3a
In base 11, what is -7 + 14a7?
14a0
In base 2, what is -101 + 11001111001?
11001110100
In base 10, what is 30 - -61?
91
In base 12, what is -45 + 12?
-33
In base 2, what is -1 - 10000111010110?
-10000111010111
In base 6, what is -4212 + -3?
-4215
In base 12, what is -27a4 + 1?
-27a3
In base 11, what is 2 + 4?
6
In base 4, what is -312 - -12?
-300
In base 4, what is 110 + -30?
20
In base 9, what is 46 + -54?
-7
In base 2, what is 10001101 - 1?
10001100
In base 2, what is 110 + 1110110?
1111100
In base 4, what is 22213 - -1?
22220
In base 7, what is 3 + 2434?
2440
In base 4, what is 2 + -3110?
-3102
In base 15, what is 4 + a9?
ad
In base 13, what is 1c + -a?
12
In base 12, what is 1 + 308?
309
In base 6, what is -42 + -30?
-112
In base 7, what is -5 - -560?
552
In base 14, what is 645 - 0?
645
In base 9, what is 0 - 103?
-103
In base 4, what is 10 - 231000?
-230330
In base 14, what is -3 - -70d?
70a
In base 4, what is 3233212 + -10?
3233202
In base 13, what is -a + 3c9?
3bc
In base 5, what is 3 + -3?
0
In base 16, what is 4 + -8e?
-8a
In base 6, what is 25 - 322?
-253
In base 14, what is a - 85?
-79
In base 16, what is -5 - 37d?
-382
In base 12, what is -6 - b?
-15
In base 15, what is -4 + -53?
-57
In base 9, what is 7 - -3?
11
In base 12, what is -2b8 + 14?
-2a4
In base 9, what is 3 - -7?
11
In base 16, what is 7a + c?
86
In base 3, what is -10110 - -1?
-10102
In base 4, what is -1 + 10?
3
In base 14, what is 4 - -45?
49
In base 3, what is -100 + 112?
12
In base 7, what is -3 + 360?
354
In base 15, what is 1 - 11?
-10
In base 2, what is -10010010010 + 0?
-10010010010
In base 15, what is 543a - 5?
5435
In base 16, what is 3e + -34?
a
In base 7, what is 34 - 103?
-36
In base 11, what is 171 + -4?
168
In base 13, what is -1 - -394?
393
In base 5, what is 224 - -100?
324
In base 13, what is 0 + 29?
29
In base 8, what is -2 + -40?
-42
In base 4, what is -2 - -233?
231
In base 9, what is 5 - -885?
1001
In base 4, what is 0 - -121?
121
In base 6, what is 14 + 51?
105
In base 13, what is -458 - -7?
-451
In base 15, what is -5 + 95?
90
In base 12, what is 512 + 4?
516
In base 15, what is c - -6?
13
In base 5, what is 120 + 2?
122
In base 2, what is 101 - -10100100000?
10100100101
In base 13, what is 4 - c9?
-c5
In base 11, what is a - 126?
-117
In base 3, what is 1021102 - -2?
1021111
In base 7, what is 11 + 263?
304
In base 10, what is -1 - -49?
48
In base 16, what is -9 + -50a?
-513
In base 12, what is 1 - -1276?
1277
In base 8, what is 4 - -127?
133
In base 5, what is -10344 + -14?
-10413
In base 11, what is 41a + -3?
417
In base 16, what is 1783 + 5?
1788
In base 3, what is 21 - -112?
210
In base 15, what is 1d4d + -2?
1d4b
In base 14, what is -c - 12?
-20
In base 4, what is 3 + -131121?
-131112
In base 5, what is 22 + 22?
44
In base 15, what is 3 - 3bc?
-3b9
In base 14, what is 14 + d?
23
In base 13, what is -c0 + 2?
-bb
In base 3, what is -1 - -22002?
22001
In base 6, what is 2 + -124?
-122
In base 3, what is -121220 + -11?
-122001
In base 2, what is -1101000 + 100?
-1100100
In base 16, what is -22e + 4?
-22a
In base 3, what is -11 - 1001?
-1012
In base 10, what is -2 + 442?
440
In base 10, what is -1 - -90?
89
In base 12, what is -9 + 113a?
1131
In base 7, what is -344 + -3?
-350
In base 11, what is -26 + -77?
-a2
In base 9, what is 375 + 1?
376
In base 4, what is -30 + -12?
-102
In base 14, what is 0 - 9dd?
-9dd
In base 9, what is 8 + 5?
14
In base 2, what is 0 - -1010010011?
1010010011
In base 14, what is -3 - -4d?
4a
In base 14, what is -5 - -18?
13
In base 14, what is -118 + 1?
-117
In base 2, what is -101111111 + -101?
-110000100
In base 8, what is 0 - 1170?
-1170
In base 12, what is 17 + 2b?
46
In base 12, what is 91 - -2?
93
In base 8, what is 3 + 606?
611
In base 5, what is -14 - 112?
-131
In base 3, what is -1002212002 + -12?
-1002212021
In base 15, what is 1474 + -4?
1470
In base 6, what is -22 - -135?
113
In base 11, what is 4 - 33?
-2a
In base 2, what is -110101010 - 110100?
-111011110
In base 5, what is -2014 + -11?
-2030
In base 2, what is 1 - 101101111?
-101101110
In base 2, what is -1011 + -111100?
-1000111
In base 4, what is 0 - -222013?
222013
In base 16, what is -2 + 7?
5
In base 9, what is 262 + -3?
258
In base 15, what is -5 - b10?
-b15
In base 9, what is -207 - 2?
-210
In base 2, what is 10100111001011 - 101?
10100111000110
In base 16, what is 5 + 5b?
60
In base 9, what is 380 + 5?
385
In base 13, what is -16 - -12?
-4
In base 7, what is -5 + -4124?
-4132
In base 3, what is 12 + -200110?
-200021
In base 3, what is -11020 + -201?
-11221
In base 7, what is 300 - -1?
301
In base 13, what is -a8 - 5?
-b0
In base 13, what is -12 + 10?
-2
In base 7, what is -41 + -3?
-44
In base 7, what is -1151 - 15?
-1166
In base 15, what is -143 + 3?
-140
In base 16, what is 0 + c?
c
In base 6, what is -140204 + 2?
-140202
In base 2, what is 11101001000 + 110?
11101001110
In base 13, what is 25 - -23?
48
In base 9, what is -10122 + 4?
-10117
In base 13, what is 12 - -29?
3b
In base 9, what is -32 + -133?
-165
In base 15, what is -1 + -14?
-15
In base 2, what is -1001001110 - 10000?
-1001011110
In base 14, what is 6b + 4?
71
In base 4, what is 2 - 210?
-202
In base 13, what is 9a8 + 1?
9a9
In base 8, what is 4 - 1056?
-1052
In base 11, what is 3 + -629?
-626
In base 9, what is 26 - -